0 + (-10 + 15 - (1 + 0))
4
5 - (-5 + 4 + (4 - 0))
2
What is the value of (-11 - (-16 - -1)) + (-1 - -1)?
4
(-4 - 0) + (1 - -1)
-2
Evaluate 27 + -26 - (-4 + 0).
5
What is -9 + (2 - (6 + -9))?
-4
What is the value of (-2 - (-2 + -1)) + -27 + 26?
0
Calculate 5 + (4 - 5) + (6 - 3).
7
Calculate 3 - (1 - 3 - -3).
2
What is -19 - (-13 + 10 - 8)?
-8
7 - (-1 - 1 - (-16 + 11))
4
What is 13 + -22 - (-1 + -8)?
0
Calculate (-1 - -3) + -4 + (2 - 0).
0
2 + -6 + 4 - -2
2
Evaluate 6 + (-6 - 1) + 5 - 1.
3
Calculate 0 + -4 + -2 + 0.
-6
Evaluate -4 + (-2 - (0 + 7 + -10)).
-3
(-13 + 3 - -5) + 1
-4
Calculate 11 - 1 - (44 - 38).
4
Evaluate -13 + (-7 - -4) + 7.
-9
0 + (1 - (-5 - -2))
4
-3 + -8 + 1 - -6
-4
What is -3 + 0 + -2 - -6?
1
Calculate (0 - 6) + -3 + 8 + -1.
-2
Calculate 1 - -1 - (4 + -8 + 5).
1
Evaluate -7 + 11 + -5 - (3 + -1).
-3
What is -1 + 0 + (-1 - -2) + 1?
1
What is -1 + -7 + 17 + -12?
-3
Evaluate (-3 - -9) + (-32 - -24).
-2
Calculate -7 + 4 + 6 - (0 - 0).
3
What is the value of -1 + -19 - (-15 + 4)?
-9
Evaluate 0 + -10 + (9 + -2 - 5).
-8
7 + (1 + -10 - (-41 - -37))
2
3 + -1 + -1 + -8 + 5
-2
Calculate (-1 - 3) + 1 + 8.
5
Evaluate 0 - (1 + -1 - 1).
1
What is the value of 1 + -12 + 127 + -108?
8
What is the value of 0 - 5 - ((-3 - -1) + 0)?
-3
(-1 + 2 - -1) + -1 + 4
5
What is the value of 0 + (7 - (-5 - (-2 + -7)))?
3
What is 4 + 2 + 4 + (-4 - 3)?
3
-6 - (-5 + -9 - -5)
3
Calculate 2 - 1 - (-2 + 1 + 1).
1
-1 - (-8 + 8 + -1)
0
Evaluate -6 - -2 - -4 - 3.
-3
Evaluate 7 - (-3 - -5 - -3).
2
Evaluate 2 + -7 + (3 - (-2 - -5)).
-5
Evaluate 5 + 3 + -1 + (-7 - -5).
5
Calculate 2 - 4 - 4 - (-32 - -30).
-4
What is (0 - -6) + 11 + -5 + -9?
3
Evaluate 5 + 6 + -6 + -5.
0
What is 2 - 5 - 1 - -7?
3
What is the value of 19 + 8 + -15 + -5?
7
Calculate (6 - 2) + (-7 - -2 - 3).
-4
What is the value of 16 - (8 - -3) - 10?
-5
What is the value of 2 + (-1 - 4) + -2 + 2?
-3
What is the value of 9 + 3 - 6 - (10 - 0)?
-4
What is -3 - (7 + -9) - (0 + 0)?
-1
Evaluate 2 - 7 - (-8 - -9).
-6
Evaluate 3 - (-2 - -9 - 1).
-3
(5 - 11) + (0 - 2 - -1)
-7
Calculate -4 - (6 + 1 + -2).
-9
Evaluate 1 + -10 + 4 + 10.
5
What is -6 + 4 - -2 - (-3 + 0)?
3
What is the value of 1 + 3 - (6 - (2 - -1))?
1
What is the value of (3 - 0) + -14 + (0 - -13)?
2
What is 26 - (26 + -13) - 11?
2
Evaluate 2 - (7 - 1) - (2 - 3).
-3
What is the value of 0 - -2 - (1 + -5)?
6
Calculate 0 + (5 - 0) + (-15 - -15).
5
-2 + 3 + (3 - 1) + -5
-2
Calculate (-2 + 2 - (5 - 7)) + 2.
4
What is -1 + (-6 - -10) - (-3 + 4)?
2
Evaluate 1 - -5 - (20 - 36 - -21).
1
Calculate -9 + 8 + 4 + (-8 - -4).
-1
What is the value of 5 + (3 - (12 - -2 - 4))?
-2
67 - 67 - (-1 - 0)
1
Evaluate 5 + (-15 - 5) + 20 + -16.
-11
Evaluate 0 + (-2 - (-5 + 1 + -1)).
3
(-3 - -4) + 1 - 4 - 4
-6
2 + (-2 - 2) + -3 + 2
-3
Calculate -1 - (-3 - (-8 - -4)).
-2
What is the value of 0 + -4 + (0 - 1)?
-5
Calculate (-12 - -15) + 1 + (-2 - -3).
5
1 + (-2 - -4) - -2
5
What is the value of 0 - (8 - (5 + -3))?
-6
Evaluate -1 + (-1 - 0 - -3).
1
What is -6 - (-9 + -4 - -15)?
-8
(9 - (-4 - -6)) + (-3 - 0)
4
0 - (-8 + 5 - (0 - 1))
2
Calculate 13 - (7 + 4 - 6) - 12.
-4
What is the value of 9 - 13 - (-1 + -10 - -2)?
5
What is the value of -6 + (-6 - 2) + (-17 - -25)?
-6
-10 + (11 - (-4 + 4))
1
Calculate 8 - 5 - ((2 - 1) + 1).
1
What is 6 - ((5 + 7 - 6) + -3)?
3
Calculate 3 + -4 + 4 - 0 - 1.
2
What is (28 - 10) + -8 - 8?
2
What is 8 + (4 + -6 - 4)?
2
What is 4 + (8 - -7) - 9?
10
Evaluate -7 + 2 + 1 + 8 + -5.
-1
What is (2 - 15) + (12 - 7 - 1)?
-9
What is the value of -3 + (3 - -1) + 5 + -11?
-5
What is (-10 + 2 - -3) + 1?
-4
4 - -8 - 6 - (3 - 2)
5
Evaluate (-1 - 5 - -9) + (0 - 6).
-3
What is the value of (-3 - -14) + -39 + 31?
3
What is 0 + (-5 + 1 - 6) - -5?
-5
What is the value of 1 + -6 - (-18 - -13)?
0
What is 16 - 26 - (-9 - -2)?
-3
Evaluate -11 - -2 - (-21 + 14).
-2
What is the value of -7 - -4 - -3 - (-1 - -1)?
0
What is 6 - (11 + -18 - -13)?
0
What is the value of 6 - (1 + (4 - (5 - 3)))?
3
What is the value of 7 + -1 + (-3 - -4)?
7
What is 22 - (37 - 14) - (0 + -8)?
7
What is (-5 - 2) + 6 - 1?
-2
What is the value of -3 + (2 + -2 - -3) + 3?
3
Calculate 0 + -4 + (-2 - -2 - -1).
-3
Evaluate -6 + (11 - (-2 + (-3 - -9))).
1
-4 - (-4 - 6) - 6
0
Calculate ((-10 - -1) + 5 - -6) + -3.
-1
-6 + 0 - (-5 + -1)
0
Calculate 0 + -2 + (-16 - -20) + -1.
1
7 - (6 + -8 + 7 + -8)
10
Calculate (4 - (11 + -4)) + 6.
3
Calculate -4 + (3 - 1 - (26 - 24)).
-4
(7 - 3) + -2 + (1 - -2)
5
Calculate -1 + (-1 - 1 - 2).
-5
Evaluate (-14 + 10 - (-2 + -1)) + -1.
-2
0 - 1 - -9 - 14
-6
What is the value of 2 - (5 + 1 + -6 - 7)?
9
Calculate (0 - 2) + (-2 - (-4 - -2)).
-2
What is the value of -10 - (2 + -5 - -2 - 4)?
-5
What is 5 + 6 + -9 - 1?
1
What is 4 + -3 - 0 - (-5 + 4)?
2
What is -5 + (0 - -1 - -4) - -5?
5
Evaluate -1 - (13 - (8 + -2) - 14).
6
Evaluate -1 + (-5 - (-3 + 1)).
-4
Calculate 7 + 1 + -2 + (6 - 8).
4
-2 + 5 + 3 - (4 - 0)
2
(1 - (10 + -9)) + 4
4
Calculate 8 + -7 + -1 + (2 - -3).
5
What is the value of 7 + 2 - 1 - 4?
4
What is 8 + -10 + -9 + 10?
-1
Calculate 5 - (-2 + 0 + 1 - -3).
3
(3 - 0 - 7) + 0 + 3
-1
Calculate 2 - ((-4 - -4) + 0 - 1).
3
2 - (7 - 2 - 3 - -9)
-9
(0 - -4) + -5 - 3
-4
What is the value of (1 - -7) + -2 + -1?
5
Calculate 10 + -10 + (4 - 1).
3
What is -4 + (0 - 1) + (-11 - -11)?
-5
Calculate -6 + (8 - 11) + 1.
-8
Evaluate (-1 - 2) + 0 - (1 + -3).
-1
What is 5 + (7 - 19) + 9 + -1?
1
What is (-43 - -48) + -8 + 0?
-3
What is the value of (-9 - -7) + -2 + 12?
8
Calculate (7 - 1) + (2 - 4).
4
What is the value of 1 - (1 - (3 - (0 - 0)))?
3
-4 + (-13 - -23 - (-1 + 1))
6
(9 - 0) + -42 + 23
-10
What is -12 + -4 + 6 + 5?
-5
What is 9 + 5 + (-15 - -2)?
1
Calculate (2 + -4 - 2) + -1.
-5
Evaluate -3 + (-3 - -1) + 3.
-2
6 - (0 + 0) - 5
1
Evaluate 7 + (4 + -2 - 14).
-5
What is the value of 12 + (-2 - 3) + -1?
6
12 - (7 - 2 - (-28 - -28))
7
What is -7 + 5 + (2 - 5)?
-5
What is (2 - (12 - -2)) + (-1 - -7)?
-6
Evaluate 2 + (1 - 1 - 5).
-3
-3 - 8 - -3 - -10
2
What is the value of -50 + 45 - (0 + 1)?
-6
Evaluate 5 + (-1 - (-3 + 3 + 2)).
2
What is the value of (-27 + 14 - (-2 + -4)) + 7?
0
What is 0 + (-6 - (3 - (0 + 3)))?
-6
What is the value of 2 + (6 - (2 + 1))?
5
Calculate -1 + 0 - (16 + -22) - 4.
1
Evaluate -2 + (-4 - -8) - (-1 + -3).
6
Evaluate 2 - (0 + -2 - (1 + -6)).
-1
Calculate 2 + (2 - (4 + -4)).
4
Evaluate -7 + 3 + 7 - 1.
2
What is the value of -3 - (2 + 1) - (0 - 2)?
-4
Calculate 0 + 3 + -1 + -2.
0
What is the value of -9 - ((2 - -8) + -23)?
4
What is (1 - -2) + -1 + 2 - 2?
2
Evaluate 2 + -7 + 1 + 0 + 0.
-4
Calculate (6 - 4) + (-4 - -2).
0
What is -13 - (4 - (18 + -5 + -5))?
-9
1 - (2 - (2 - 2))
-1
What is (1 - (-9 + 19)) + 8?
-1
What is (-5 - (0 - 3)) + 5?
3
What is the value of (-2 - -8) + (2 - 6)?
2
Calculate 0 + (0 - (1 + 1)) + 4.
2
(2 - -6) + (12 - 12) + -11
-3
-2 + 1 + -3 - (-1 + -3)
0
Evaluate 32 + -27 - (1 + 7).
-3
Calculate (5 - -1) + (-11 - (-12 + 1)).
6
-10 - -10 - 11 - -15
4
2 + (-6 - 6 - -3)
-7
1 + -9 + 13 - (-1 - 1)
7
What is the value of 0 + -8 - (4 + (6 - 14))?
-4
What is the value of -5 - 2 - ((-5 - -8) + -6)?
-4
(-4 - 0 - -2) + (2 - -2)
2
Evaluate 4 + (2 - 0 - 10).
-4
What is the value of 1 + -6 + -76 + 76?
-5
What is (9 - 1) + (10 - 14)?
4
Calculate (1 - 2) + -9 - (127 - 130).
-7
(-47 - -46) + (-5 - 0)
-6
Calculate 2 - (-14 + -5) - 12.
9
Evaluate 3 + 5 - (-20 - -26).
2
8 - (-6 + -4 + 11)
7
What is the value of -1 - (0 - (3 - 1))?
1
Evaluate 6 + (-5 - (-2 + 1)) + 4.
6
Calculate (-1 - (0 - 2)) + -1.
0
Calculate 21 + -12 + -1 + -1.
7
What is the value of 2 + -2 + 12 + -7?
5
What is the value of (-1 - -4) + -2 + 1?
2
What is the value of 13 + -14 + (-1 - 2)?
-4
Evaluate (14 - 16) + -8 + 4.
-6
What is the value of 1 + -2 - -3 - (1 - 4)?
5
What is the value of -7 + 4 + 0 + (-3 - -3)?
-3
What is (-8 - -1 - -15) + -8?
0
What is -1 + (-4 + 4 - -6)?
5
Evaluate 5 - (8 - 1 - 3).
1
Evaluate 0 - 2 - -3 - (-9 + 2).
8
What is (13 - -2) + (10 + -21 - -5)?
9
Evaluate 9 - (6 - (6 + -3)) - 2.
4
Evaluate 1 + -1 + (-10 - (-6 - 0)).
-4
What is the value of -4 + (-1 + 6 - (-6 + 6))?
1
What is -5 - -2 - (6 + -2 + -2)?
-5
-1 - 0 - (-9 - -12)
-4
What is (8 - 2) + -2 - 0?
4
What is the value of -114 + 105 + 1 + 8?
0
What is (9 - 13 - 6) + 8?
-2
(9 - 12) + 9 + -9
-3
What is the value of 14 + (1 